 15?
6
Calculate the remainder when 270 is divided by 76.
42
Calculate the remainder when 166 is divided by 28.
26
Calculate the remainder when 2728 is divided by 78.
76
Calculate the remainder when 238 is divided by 25.
13
What is the remainder when 76 is divided by 25?
1
What is the remainder when 279 is divided by 56?
55
What is the remainder when 210 is divided by 71?
68
What is the remainder when 787 is divided by 202?
181
What is the remainder when 347 is divided by 16?
11
Calculate the remainder when 69 is divided by 22.
3
What is the remainder when 6 is divided by 2?
0
Calculate the remainder when 989 is divided by 16.
13
What is the remainder when 48345 is divided by 18?
15
What is the remainder when 107 is divided by 24?
11
What is the remainder when 547 is divided by 18?
7
What is the remainder when 21 is divided by 2?
1
Calculate the remainder when 1045 is divided by 62.
53
What is the remainder when 173 is divided by 39?
17
Calculate the remainder when 602 is divided by 29.
22
Calculate the remainder when 493 is divided by 31.
28
Calculate the remainder when 70 is divided by 13.
5
What is the remainder when 262 is divided by 12?
10
What is the remainder when 491 is divided by 45?
41
Calculate the remainder when 49 is divided by 22.
5
Calculate the remainder when 2065 is divided by 159.
157
Calculate the remainder when 418 is divided by 12.
10
What is the remainder when 54 is divided by 19?
16
Calculate the remainder when 231 is divided by 23.
1
What is the remainder when 3717 is divided by 38?
31
Calculate the remainder when 679 is divided by 36.
31
What is the remainder when 147 is divided by 3?
0
Calculate the remainder when 128 is divided by 41.
5
What is the remainder when 174 is divided by 58?
0
What is the remainder when 441 is divided by 441?
0
What is the remainder when 315 is divided by 38?
11
Calculate the remainder when 47 is divided by 38.
9
What is the remainder when 376 is divided by 76?
72
What is the remainder when 1549 is divided by 47?
45
Calculate the remainder when 36 is divided by 4.
0
What is the remainder when 1758 is divided by 110?
108
Calculate the remainder when 15 is divided by 6.
3
Calculate the remainder when 41 is divided by 10.
1
Calculate the remainder when 167 is divided by 21.
20
What is the remainder when 161 is divided by 41?
38
Calculate the remainder when 64 is divided by 25.
14
Calculate the remainder when 665 is divided by 193.
86
Calculate the remainder when 11325 is divided by 47.
45
Calculate the remainder when 651 is divided by 14.
7
What is the remainder when 146 is divided by 45?
11
Calculate the remainder when 1996 is divided by 27.
25
Calculate the remainder when 177 is divided by 90.
87
Calculate the remainder when 934 is divided by 72.
70
What is the remainder when 339 is divided by 85?
84
Calculate the remainder when 732 is divided by 35.
32
What is the remainder when 535 is divided by 18?
13
What is the remainder when 29533 is divided by 165?
163
What is the remainder when 3678 is divided by 30?
18
What is the remainder when 622 is divided by 128?
110
Calculate the remainder when 268 is divided by 65.
8
What is the remainder when 2148 is divided by 1062?
24
Calculate the remainder when 705 is divided by 12.
9
Calculate the remainder when 62 is divided by 6.
2
What is the remainder when 41 is divided by 21?
20
Calculate the remainder when 245 is divided by 62.
59
What is the remainder when 16553 is divided by 215?
213
What is the remainder when 35 is divided by 3?
2
Calculate the remainder when 725 is divided by 61.
54
What is the remainder when 17259 is divided by 274?
271
What is the remainder when 44 is divided by 12?
8
Calculate the remainder when 1090 is divided by 55.
45
What is the remainder when 482 is divided by 23?
22
What is the remainder when 375 is divided by 20?
15
What is the remainder when 837 is divided by 372?
93
Calculate the remainder when 220 is divided by 74.
72
What is the remainder when 286 is divided by 274?
12
What is the remainder when 210 is divided by 43?
38
What is the remainder when 347 is divided by 6?
5
Calculate the remainder when 4213 is divided by 34.
31
Calculate the remainder when 129 is divided by 17.
10
What is the remainder when 614 is divided by 88?
86
Calculate the remainder when 511 is divided by 83.
13
Calculate the remainder when 525 is divided by 48.
45
What is the remainder when 205 is divided by 21?
16
What is the remainder when 496 is divided by 111?
52
What is the remainder when 118 is divided by 11?
8
Calculate the remainder when 3617 is divided by 47.
45
What is the remainder when 15230 is divided by 15?
5
Calculate the remainder when 145 is divided by 19.
12
Calculate the remainder when 31 is divided by 4.
3
What is the remainder when 286 is divided by 257?
29
What is the remainder when 805 is divided by 3?
1
Calculate the remainder when 106 is divided by 93.
13
Calculate the remainder when 644 is divided by 92.
0
What is the remainder when 78 is divided by 33?
12
What is the remainder when 907 is divided by 77?
60
What is the remainder when 21833 is divided by 40?
33
Calculate the remainder when 2771 is divided by 308.
307
Calculate the remainder when 156 is divided by 52.
0
Calculate the remainder when 1306 is divided by 262.
258
Calculate the remainder when 2214 is divided by 22.
14
What is the remainder when 38 is divided by 13?
12
Calculate the remainder when 191 is divided by 96.
95
What is the remainder when 73 is divided by 12?
1
What is the remainder when 62 is divided by 40?
22
Calculate the remainder when 561 is divided by 154.
99
What is the remainder when 38 is divided by 13?
12
What is the remainder when 107 is divided by 19?
12
Calculate the remainder when 358 is divided by 45.
43
Calculate the remainder when 3605 is divided by 80.
5
Calculate the remainder when 314 is divided by 74.
18
What is the remainder when 479 is divided by 60?
59
Calculate the remainder when 182 is divided by 45.
2
What is the remainder when 1569 is divided by 8?
1
Calculate the remainder when 483 is divided by 57.
27
Calculate the remainder when 82 is divided by 30.
22
What is the remainder when 449 is divided by 21?
8
Calculate the remainder when 344 is divided by 342.
2
What is the remainder when 76 is divided by 17?
8
Calculate the remainder when 130 is divided by 48.
34
Calculate the remainder when 299 is divided by 26.
13
What is the remainder when 79 is divided by 10?
9
Calculate the remainder when 6954 is divided by 53.
11
Calculate the remainder when 640 is divided by 34.
28
Calculate the remainder when 15125 is divided by 124.
121
Calculate the remainder when 180 is divided by 12.
0
What is the remainder when 120 is divided by 31?
27
Calculate the remainder when 30 is divided by 16.
14
What is the remainder when 1165 is divided by 1148?
17
What is the remainder when 107 is divided by 18?
17
Calculate the remainder when 87 is divided by 25.
12
What is the remainder when 113 is divided by 43?
27
What is the remainder when 87 is divided by 9?
6
Calculate the remainder when 375 is divided by 347.
28
What is the remainder when 152 is divided by 41?
29
What is the remainder when 164 is divided by 56?
52
Calculate the remainder when 159 is divided by 6.
3
Calculate the remainder when 269 is divided by 54.
53
What is the remainder when 869 is divided by 432?
5
Calculate the remainder when 312 is divided by 198.
114
Calculate the remainder when 474 is divided by 24.
18
What is the remainder when 415 is divided by 11?
8
What is the remainder when 5158 is divided by 6?
4
Calculate the remainder when 206 is divided by 11.
8
What is the remainder when 624 is divided by 184?
72
What is the remainder when 362 is divided by 16?
10
What is the remainder when 432 is divided by 23?
18
Calculate the remainder when 327 is divided by 236.
91
What is the remainder when 361 is divided by 82?
33
What is the remainder when 871 is divided by 146?
141
Calculate the remainder when 298 is divided by 13.
12
What is the remainder when 964 is divided by 239?
8
What is the remainder when 310 is divided by 78?
76
What is the remainder when 148 is divided by 5?
3
What is the remainder when 3813 is divided by 18?
15
Calculate the remainder when 76 is divided 